{"id":209,"date":"2014-04-24T21:59:29","date_gmt":"2014-04-24T19:59:29","guid":{"rendered":"http:\/\/stammbach.wordpress.com\/?page_id=209"},"modified":"2014-04-24T21:59:29","modified_gmt":"2014-04-24T19:59:29","slug":"jahresbericht-2015","status":"publish","type":"page","link":"https:\/\/www.buergerstiftung-stammbach.de\/blog\/stiftung\/jahresbericht-2015\/","title":{"rendered":"Jahresbericht"},"content":{"rendered":"<p>Die B\u00fcrgerstiftung\u00a0Stammbach f\u00f6rdert mit den aus dem Verm\u00f6gen erwirtschafteten Ertr\u00e4gen kulturelle und soziale Projekte im Marktgemeindegebiet Stammbach.\u00a0Nachhaltigkeit bedeutet dabei f\u00fcr uns, heute an morgen zu denken. Eingebrachtes Stiftungsverm\u00f6gen wird heute so verwaltet, dass auch in Zukunft Ertr\u00e4ge f\u00fcr die F\u00f6rderung zur Verf\u00fcgung stehen.<\/p>\n<p>Wir freuen uns, dass wir im abgelaufenen Jahr die ersten Vorhaben finanziell unterst\u00fctzen konnten. Lesen Sie im Jahresbericht mehr zu den F\u00f6rderungen und F\u00f6rderm\u00f6glichkeiten unserer B\u00fcrgerstiftung in Stammbach.<\/p>\n<p>Gerne senden wir Ihnen einen Jahresbericht per Post zu. Bitte schreiben Sie uns dazu eine Nachricht.<\/p>\n<p>&nbsp;<\/p>\n<p>&nbsp;<\/p>\n","protected":false},"excerpt":{"rendered":"<p>Die B\u00fcrgerstiftung\u00a0Stammbach f\u00f6rdert mit den aus dem Verm\u00f6gen erwirtschafteten Ertr\u00e4gen kulturelle und soziale Projekte im Marktgemeindegebiet Stammbach.\u00a0Nachhaltigkeit bedeutet dabei f\u00fcr uns, heute an morgen zu denken. Eingebrachtes Stiftungsverm\u00f6gen wird heute so verwaltet, dass auch in Zukunft Ertr\u00e4ge f\u00fcr die F\u00f6rderung zur Verf\u00fcgung stehen. Wir freuen uns, dass wir im abgelaufenen Jahr die ersten Vorhaben finanziell [&hellip;]<\/p>\n","protected":false},"author":2,"featured_media":280,"parent":423,"menu_order":3,"comment_status":"open","ping_status":"open","template":"","meta":{"footnotes":""},"class_list":["post-209","page","type-page","status-publish","has-post-thumbnail","hentry"],"_links":{"self":[{"href":"https:\/\/www.buergerstiftung-stammbach.de\/blog\/wp-json\/wp\/v2\/pages\/209","targetHints":{"allow":["GET"]}}],"collection":[{"href":"https:\/\/www.buergerstiftung-stammbach.de\/blog\/wp-json\/wp\/v2\/pages"}],"about":[{"href":"https:\/\/www.buergerstiftung-stammbach.de\/blog\/wp-json\/wp\/v2\/types\/page"}],"author":[{"embeddable":true,"href":"https:\/\/www.buergerstiftung-stammbach.de\/blog\/wp-json\/wp\/v2\/users\/2"}],"replies":[{"embeddable":true,"href":"https:\/\/www.buergerstiftung-stammbach.de\/blog\/wp-json\/wp\/v2\/comments?post=209"}],"version-history":[{"count":0,"href":"https:\/\/www.buergerstiftung-stammbach.de\/blog\/wp-json\/wp\/v2\/pages\/209\/revisions"}],"up":[{"embeddable":true,"href":"https:\/\/www.buergerstiftung-stammbach.de\/blog\/wp-json\/wp\/v2\/pages\/423"}],"wp:featuredmedia":[{"embeddable":true,"href":"https:\/\/www.buergerstiftung-stammbach.de\/blog\/wp-json\/"}],"wp:attachment":[{"href":"https:\/\/www.buergerstiftung-stammbach.de\/blog\/wp-json\/wp\/v2\/media?parent=209"}],"curies":[{"name":"wp","href":"https:\/\/api.w.org\/{rel}","templated":true}]}}