{"id":985,"date":"2020-02-16T19:24:14","date_gmt":"2020-02-16T18:24:14","guid":{"rendered":"https:\/\/www.buergerstiftung-stammbach.de\/blog\/?page_id=985"},"modified":"2024-10-31T17:34:52","modified_gmt":"2024-10-31T16:34:52","slug":"downloads","status":"publish","type":"page","link":"https:\/\/www.buergerstiftung-stammbach.de\/blog\/downloads\/","title":{"rendered":"Downloads"},"content":{"rendered":"\n<p>Liebe Vereine, liebe Presse, liebe Besucher dieer Seite.<\/p>\n\n\n\n<p>Hier stellen wir verschiedenes Bildmaterial, Grafiken und Formulare zum Download bereit.<\/p>\n\n\n\n<h4 class=\"wp-block-heading\">F\u00f6rderlogo<\/h4>\n\n\n\n<p>Das F\u00f6rderlogo m\u00f6chten bitte all diejenigen verwenden, die im Laufe der Zeit gef\u00f6rdert wurden. Zum Beispiel auf der Webseite des jeweiligen Vereins, oder auch in Printsachen zur \u00d6ffentlichkeitsarbeit.<\/p>\n\n\n\n<div class=\"wp-block-file\"><a id=\"wp-block-file--media-3ef35ba5-6159-485b-9423-0b6edaffc78a\" href=\"https:\/\/www.buergerstiftung-stammbach.de\/blog\/wp-content\/uploads\/2020\/02\/F\u00f6rderlogo_web_72dpi_rgb_450x350px.png\">F\u00f6rderlogo_web_72dpi_rgb_450x350px<\/a><a href=\"https:\/\/www.buergerstiftung-stammbach.de\/blog\/wp-content\/uploads\/2020\/02\/F\u00f6rderlogo_web_72dpi_rgb_450x350px.png\" class=\"wp-block-file__button\" download aria-describedby=\"wp-block-file--media-3ef35ba5-6159-485b-9423-0b6edaffc78a\">Herunterladen<\/a><\/div>\n\n\n\n<div class=\"wp-block-file\"><a id=\"wp-block-file--media-acd818e8-3f3a-4609-8ce5-24337ebb2624\" href=\"https:\/\/www.buergerstiftung-stammbach.de\/blog\/wp-content\/uploads\/2020\/02\/F\u00f6rderlogo_druck_300dpi_cmyk_2000x1500px.jpg\">F\u00f6rderlogo_druck_300dpi_cmyk_2000x1500px<\/a><a href=\"https:\/\/www.buergerstiftung-stammbach.de\/blog\/wp-content\/uploads\/2020\/02\/F\u00f6rderlogo_druck_300dpi_cmyk_2000x1500px.jpg\" class=\"wp-block-file__button\" download aria-describedby=\"wp-block-file--media-acd818e8-3f3a-4609-8ce5-24337ebb2624\">Herunterladen<\/a><\/div>\n\n\n\n<h4 class=\"wp-block-heading\">Antrag auf F\u00f6rderung<\/h4>\n\n\n\n<p>Zur Beantragung einer F\u00f6rderung ist dieses Formular zu verwenden.<\/p>\n\n\n\n<div class=\"wp-block-file\"><a id=\"wp-block-file--media-b90904b3-39e6-4d88-8f39-8aabb57e4541\" href=\"https:\/\/www.buergerstiftung-stammbach.de\/blog\/wp-content\/uploads\/2022\/10\/Foerderantrag_BS-Stammbach-2022-10-24.pdf\">F\u00f6rderantrag B\u00fcrgerstiftung Stammbach <\/a><a href=\"https:\/\/www.buergerstiftung-stammbach.de\/blog\/wp-content\/uploads\/2022\/10\/Foerderantrag_BS-Stammbach-2022-10-24.pdf\" class=\"wp-block-file__button\" download aria-describedby=\"wp-block-file--media-b90904b3-39e6-4d88-8f39-8aabb57e4541\">Herunterladen<\/a><\/div>\n\n\n\n<p><\/p>\n","protected":false},"excerpt":{"rendered":"<p>Liebe Vereine, liebe Presse, liebe Besucher dieer Seite. Hier stellen wir verschiedenes Bildmaterial, Grafiken und Formulare zum Download bereit. F\u00f6rderlogo Das F\u00f6rderlogo m\u00f6chten bitte all diejenigen verwenden, die im Laufe der Zeit gef\u00f6rdert wurden. Zum Beispiel auf der Webseite des jeweiligen Vereins, oder auch in Printsachen zur \u00d6ffentlichkeitsarbeit. Antrag auf F\u00f6rderung Zur Beantragung einer F\u00f6rderung [&hellip;]<\/p>\n","protected":false},"author":2,"featured_media":0,"parent":0,"menu_order":0,"comment_status":"closed","ping_status":"closed","template":"","meta":{"footnotes":""},"class_list":["post-985","page","type-page","status-publish","hentry"],"_links":{"self":[{"href":"https:\/\/www.buergerstiftung-stammbach.de\/blog\/wp-json\/wp\/v2\/pages\/985","targetHints":{"allow":["GET"]}}],"collection":[{"href":"https:\/\/www.buergerstiftung-stammbach.de\/blog\/wp-json\/wp\/v2\/pages"}],"about":[{"href":"https:\/\/www.buergerstiftung-stammbach.de\/blog\/wp-json\/wp\/v2\/types\/page"}],"author":[{"embeddable":true,"href":"https:\/\/www.buergerstiftung-stammbach.de\/blog\/wp-json\/wp\/v2\/users\/2"}],"replies":[{"embeddable":true,"href":"https:\/\/www.buergerstiftung-stammbach.de\/blog\/wp-json\/wp\/v2\/comments?post=985"}],"version-history":[{"count":4,"href":"https:\/\/www.buergerstiftung-stammbach.de\/blog\/wp-json\/wp\/v2\/pages\/985\/revisions"}],"predecessor-version":[{"id":1032,"href":"https:\/\/www.buergerstiftung-stammbach.de\/blog\/wp-json\/wp\/v2\/pages\/985\/revisions\/1032"}],"wp:attachment":[{"href":"https:\/\/www.buergerstiftung-stammbach.de\/blog\/wp-json\/wp\/v2\/media?parent=985"}],"curies":[{"name":"wp","href":"https:\/\/api.w.org\/{rel}","templated":true}]}}